47.
149
What is the highest common factor of 1054 and 4512701?
527
Calculate the greatest common divisor of 1595 and 73515.
145
Calculate the greatest common divisor of 279888 and 28.
28
What is the greatest common divisor of 45 and 9500?
5
What is the greatest common divisor of 35808 and 14064?
48
What is the highest common divisor of 298960 and 14?
2
What is the highest common divisor of 11648 and 266?
14
What is the highest common divisor of 181055 and 2695?
245
Calculate the highest common divisor of 86 and 123797.
43
Calculate the highest common divisor of 36 and 106884.
36
What is the highest common divisor of 203203 and 22?
11
Calculate the highest common divisor of 15 and 95020.
5
Calculate the greatest common divisor of 2573 and 415.
83
What is the highest common factor of 8379 and 285?
57
Calculate the highest common factor of 1345015 and 83.
83
What is the greatest common factor of 15713 and 477179?
827
Calculate the highest common divisor of 208 and 8476.
52
What is the greatest common factor of 161 and 4646?
23
What is the greatest common divisor of 924 and 528?
132
What is the greatest common factor of 11535 and 1635?
15
What is the highest common factor of 1545 and 29664?
309
What is the greatest common divisor of 333 and 11507?
37
What is the highest common factor of 23 and 1044821?
23
What is the greatest common divisor of 1400 and 11872?
56
What is the greatest common factor of 79616 and 48?
16
Calculate the highest common factor of 240 and 3054840.
120
Calculate the greatest common factor of 138020 and 28840.
2060
What is the greatest common factor of 238 and 8755?
17
Calculate the highest common divisor of 315 and 3615.
15
Calculate the greatest common divisor of 66502 and 82.
82
Calculate the highest common divisor of 64 and 1421056.
64
What is the highest common divisor of 18440 and 160?
40
What is the greatest common divisor of 22848 and 704?
64
What is the greatest common factor of 14497 and 63?
7
Calculate the greatest common factor of 9307 and 40467.
41
Calculate the highest common factor of 856 and 25038.
214
Calculate the greatest common divisor of 45 and 14055.
15
Calculate the greatest common divisor of 135 and 20880.
45
Calculate the greatest common factor of 312 and 138632.
104
What is the greatest common divisor of 42 and 175007?
7
Calculate the highest common divisor of 1752024 and 888.
888
Calculate the highest common factor of 42399 and 1260.
63
What is the highest common divisor of 998324 and 1079?
83
Calculate the highest common factor of 304342 and 589.
19
What is the greatest common factor of 1108 and 92?
4
What is the highest common factor of 1500 and 9180?
60
What is the greatest common divisor of 22 and 75394?
22
Calculate the greatest common divisor of 18441 and 19791.
27
Calculate the highest common factor of 3 and 1689.
3
What is the greatest common factor of 1058115 and 150?
15
Calculate the highest common factor of 123 and 1329.
3
Calculate the highest common factor of 31135 and 2600.
65
Calculate the greatest common factor of 8 and 2392424.
8
What is the greatest common factor of 24 and 4141992?
24
Calculate the greatest common divisor of 43344 and 7308.
252
What is the greatest common factor of 112 and 8848?
112
Calculate the greatest common factor of 3369 and 349253.
1123
Calculate the highest common factor of 224 and 13664.
224
What is the greatest common factor of 48 and 11181?
3
What is the highest common factor of 75008 and 14650?
586
What is the greatest common divisor of 354339 and 9?
9
What is the greatest common factor of 5 and 787055?
5
Calculate the greatest common factor of 12528 and 92448.
432
Calculate the highest common factor of 323734 and 942.
314
What is the greatest common divisor of 262134 and 18?
18
What is the greatest common divisor of 197 and 1321673?
197
What is the greatest common factor of 44105 and 20?
5
Calculate the highest common divisor of 931 and 4826.
19
What is the highest common factor of 16 and 1066608?
16
What is the highest common factor of 15 and 4239?
3
Calculate the highest common factor of 482950 and 3250.
650
Calculate the highest common factor of 7149961 and 182.
91
What is the highest common factor of 883534 and 206?
206
Calculate the greatest common factor of 224 and 404726.
14
Calculate the highest common factor of 1513 and 15219.
89
What is the highest common divisor of 465 and 24870?
15
Calculate the highest common divisor of 230 and 300840.
230
Calculate the greatest common divisor of 51541 and 14.
7
Calculate the highest common factor of 16 and 31048.
8
Calculate the highest common factor of 132 and 121308.
132
Calculate the greatest common factor of 252 and 11228.
28
What is the greatest common factor of 1752 and 2784?
24
Calculate the greatest common factor of 1910647 and 673.
673
Calculate the highest common factor of 3206 and 742.
14
What is the highest common divisor of 370 and 1117400?
370
What is the greatest common divisor of 1544 and 1384?
8
What is the highest common factor of 16906 and 1070?
214
Calculate the greatest common factor of 760 and 1160.
40
Calculate the highest common divisor of 9 and 149.
1
Calculate the greatest common factor of 884 and 89921.
13
Calculate the highest common factor of 6556 and 62744.
44
What is the greatest common divisor of 147713 and 187?
17
What is the highest common factor of 189 and 8071245?
189
What is the highest common factor of 885 and 40?
5
What is the greatest common factor of 33 and 4444891?
11
What is the highest common factor of 138567 and 765?
51
What is the highest common divisor of 19 and 310631?
19
Calculate the highest common divisor of 71 and 4828.
71
What is the greatest common factor of 20 and 793652?
4
Calculate the greatest common divisor of 214816 and 686.
98
Calculate the highest common divisor of 18508 and 896.
28
Calculate the highest common factor of 163 and 35.
1
Calculate the highest common divisor of 56180 and 19.
1
What is the greatest common divisor of 96 and 8864?
32
Calculate the highest common divisor of 3402 and 118098.
486
What is the greatest common factor of 1056 and 21681?
33
What is the highest common divisor of 3484 and 4108?
52
Calculate the greatest common divisor of 29841 and 21.
21
Calculate the highest common divisor of 72760 and 10370.
170
What is the greatest common factor of 648508 and 2527?
133
Calculate the greatest common factor of 816 and 72.
24
What is the highest common divisor of 192 and 273984?
192
Calculate the highest common divisor of 246 and 8466.
6
What is the greatest common factor of 7128 and 2552?
88
What is the greatest common factor of 66290 and 5810?
70
What is the greatest common divisor of 178490 and 117?
13
What is the highest common factor of 4536 and 1416?
24
What is the greatest common factor of 11982 and 30?
6
What is the greatest common factor of 6099019 and 58?
29
Calculate the greatest common factor of 1019088 and 674.
674
Calculate the greatest common factor of 735301 and 2072.
259
What is the highest common factor of 711 and 11547?
9
Calculate the highest common factor of 36 and 65376.
36
Calculate the greatest common divisor of 2588647 and 647.
647
What is the highest common divisor of 17520 and 1185?
15
What is the highest common divisor of 108 and 501282?
54
What is the highest common divisor of 33344480 and 442?
442
Calculate the highest common factor of 277378 and 8380.
838
Calculate the highest common factor of 112518 and 3990.
798
What is the greatest common divisor of 559 and 9591881?
559
What is the greatest common factor of 57086 and 193936?
782
Calculate the greatest common divisor of 36 and 52038.
18
Calculate the highest common factor of 7866 and 133038.
342
What is the greatest common factor of 255563 and 77?
77
What is the highest common factor of 32 and 724864?
32
What is the greatest common factor of 2205750 and 51?
51
Calculate the greatest common factor of 18 and 308214.
18
What is the greatest common divisor of 5615 and 260?
5
What is the greatest common factor of 41 and 169699?
41
Calculate the highest common factor of 218 and 72812.
218
Calculate the greatest common factor of 555 and 362415.
555
What is the greatest common factor of 52 and 138892?
52
Calculate the greatest common divisor of 24 